f l and v.
8
Let w = 55 + -11. Let i be 26/6*15 - -1. What is the highest common factor of w and i?
22
Let o be 5 - 8 - (-6 + 0). Calculate the highest common factor of 24 and o.
3
Let p(y) = y**2 - 3*y - 4. Let d be p(8). Calculate the greatest common divisor of d and 90.
18
Let x be ((-288)/20)/(4/(-60)). Calculate the highest common factor of 36 and x.
36
Let a(o) = 2*o + 5. Let u(w) = 3*w + 9. Let v(t) = 5*a(t) - 3*u(t). Let i be v(3). What is the greatest common divisor of i and 3?
1
Let x(t) = t. Let n be x(3). Let v = 6 - n. Suppose 7*r - 5*r = 48. What is the greatest common divisor of v and r?
3
Let u = 0 + 28. Let q(s) = -40*s**3 + s**2 - s - 1. Let w be q(-1). Let g = 111 - w. Calculate the highest common factor of u and g.
14
Suppose 3*b - b = 588. Let n be 1*-3*b/(-9). Let m = -33 + n. What is the highest common factor of m and 26?
13
Let x(f) = f. Let k be x(3). What is the highest common divisor of k and 33?
3
Let x(q) = -q**3 - 7*q**2 - 4*q + 6. Let h be x(-6). Let n be h/9 - (-76)/6. Calculate the greatest common divisor of n and 60.
12
Let v(z) = -z**3 + 4. Let i be v(0). Let l be (i/4)/(2/10). What is the highest common factor of l and 25?
5
Suppose -17 = -p - 4. What is the highest common divisor of p and 143?
13
Suppose h = 3 - 1. Calculate the highest common factor of 16 and h.
2
Suppose -5*l = -l - 484. Let a = l + -43. Let x = 155 - a. Calculate the greatest common factor of 7 and x.
7
Let g(z) = -z**2 + 5*z - 1. Let q be g(4). Let s = -8 + 8. Suppose 0 = f - 2*f - 2*o + 2, -f - 3*o = s. Calculate the greatest common factor of f and q.
3
Suppose 0 = -l - 2 - 0, -l = -2*r + 212. Calculate the highest common divisor of r and 15.
15
Let k(u) = -5*u**3 + 2*u**3 + 2*u**3 + 2*u**3 + 9*u**2 - 15 - 12*u. Let j be k(-10). Let o be (-10)/(3*(-2)/33). What is the greatest common divisor of j and o?
5
Let j = 90 - 86. Let g = 4 + 40. Calculate the greatest common factor of g and j.
4
Let d(q) = -2*q**2 - 10*q**2 - q**2 - 11*q - q**3 + 16. Let o be d(-12). Calculate the greatest common factor of 1 and o.
1
Suppose 7 = 6*w - 5*w. Calculate the greatest common divisor of w and 1.
1
Suppose -16 = o - 5*i + i, -4*o + 4*i = 4. Suppose 42 = o*j - 2*j. What is the highest common divisor of j and 105?
21
Let r = 34 - 20. Calculate the greatest common factor of r and 112.
14
Suppose -55 = -3*q - 1. Suppose 5*t - 37 = 4*t. Suppose 0 = 5*i - 8 - t. What is the highest common divisor of i and q?
9
Let v = 2 + -2. Suppose -4*g + 5*c = 6*c + 31, -4*g - 3*c - 29 = v. Let m be 2/g - 123/(-12). What is the highest common divisor of m and 10?
10
Let v = 0 - -6. Suppose -5*d - 2*j = 12, -5*j - 21 = 5*d - 6. Let s(i) = -6*i**3 + i**2 - 2*i - 2. Let l be s(d). What is the greatest common factor of l and v?
6
Let l(o) = -o**3 - 10*o**2 + 21*o + 18. Let i be l(-12). Calculate the highest common factor of i and 9.
9
Suppose 4*g + g = 15. Let n(w) = w**3 + 7*w**2 + 6*w + 9. Let i be n(-6). Suppose -b = 2*b - i. What is the highest common divisor of g and b?
3
Let d be (-2)/10 - (-11)/5. Let i(t) = -t**3 - 5*t**2 - 5*t + 4. Let l be i(-4). Let y be l/(-1)*(2 + -4). Calculate the highest common factor of d and y.
2
Let b be (-4 - -11) + 2 + -2. Suppose 86 = 2*h - 26. Calculate the highest common factor of b and h.
7
Suppose 18*r - 18 = -0*r. Calculate the highest common divisor of r and 7.
1
Let p(d) = 20*d**3 + d**2 - 1. Let s be p(1). Let o = 244 - 24. Calculate the highest common factor of s and o.
20
Suppose 0 = -4*i + 6 + 2. Suppose v + 8 = 6*v + 4*k, -i*k - 2 = v. Calculate the highest common factor of v and 4.
4
Let v(c) = 2*c + 8. Let f = -4 - -4. Let o be f + (-3)/(-3) + 5. Let z be v(o). What is the highest common factor of 40 and z?
20
Let j(r) = -2*r**2 + 2*r**2 + r**2 - 4*r - 1. Let b be j(5). Suppose -b*u - 13 = -3*t, 3*t + 7*u - 31 = 2*u. Calculate the greatest common factor of 63 and t.
7
Let g be 8/3 + 6/(-9). Suppose 3*v - 3*b - 23 = v, -g*v = -2*b - 18. Let k = 44 - 40. What is the greatest common divisor of k and v?
4
Let i be 204/(3 + -2) - -4. Calculate the greatest common divisor of 26 and i.
26
Suppose 0*x + 4*x + 164 = 0. Let g = -13 - x. What is the greatest common divisor of g and 14?
14
Suppose 28*m - 80 = 23*m. Calculate the greatest common factor of 88 and m.
8
Let s be (-12)/(-16) - 69/(-4). What is the highest common factor of s and 198?
18
Let s(b) = b**2 + 2*b - 7. Let u be s(-5). Let h be 3/(-12) - (-706)/u. What is the highest common factor of h and 11?
11
Let m(f) = f**3 - 5*f**2 - 3*f - 8. Let s be m(7). Suppose 0 = 5*b + 4 - s. What is the greatest common divisor of 117 and b?
13
Suppose -3*x + 6*x = q - 354, 2*q - 591 = 5*x. Let m be (-2782)/x + (-2)/(-9). Calculate the greatest common divisor of m and 60.
12
Suppose -y + 62 = 5*d, 5*y + 2*d - 289 = -2*d. Suppose 5*t - 4 = z + y, t - z = 9. Calculate the highest common factor of 143 and t.
13
Let p(r) = -77*r. Let t be p(-1). What is the highest common divisor of 11 and t?
11
Let j be (45/(-6))/3*(-14)/5. Calculate the highest common divisor of j and 56.
7
Let p(l) be the third derivative of 7*l**5/10 - l**4/24 + l**3/6 - 3*l**2. Let v be p(1). Calculate the highest common divisor of 28 and v.
14
Let i = 12 - 2. Suppose -5*g = -g + 12, 5*c + 4*g = 538. Calculate the highest common divisor of c and i.
10
Suppose 4*z + 5*i - 28 = 0, 3*z - 2*i + 6 = 4. What is the greatest common divisor of 7 and z?
1
Suppose 3*h - 4*v - 40 = 0, h + 2*h - 3*v - 39 = 0. What is the highest common factor of h and 60?
12
Let a = -4 + 4. Suppose a = -5*k + 11 + 19. Let g be (8/k)/(2/3). Calculate the greatest common divisor of g and 8.
2
Suppose 0*z + 2*z - 8 = 0. Let a be (z/10)/((-2)/(-10)). Calculate the highest common factor of a and 22.
2
Let z be 28/((-6)/15*-5). What is the highest common divisor of 14 and z?
14
Let p(w) = -2*w + 13. Let i be p(2). What is the greatest common divisor of i and 81?
9
Let w = 19 + -13. Let a = -2 + 44. Calculate the highest common factor of w and a.
6
Suppose 0 = 5*u - 3 - 2. What is the highest common divisor of 1 and u?
1
Let d = -88 + 195. Suppose 5*m = i + 392 - 120, 0 = 2*m - i - d. What is the highest common divisor of 22 and m?
11
Let a be -1 + 3 - (-1)/1. Let f(z) = z**2 + z. Let o be f(-5). Let g be 3/(a/o) - -2. What is the greatest common factor of g and 11?
11
Let c = -7 - -17. What is the greatest common divisor of 25 and c?
5
Suppose -871 + 79 = -6*r. Calculate the highest common divisor of 12 and r.
12
Let r be ((-3)/6)/(5/(-110)). What is the greatest common factor of 99 and r?
11
Let m = -4 + 16. Calculate the greatest common divisor of 18 and m.
6
Let w = 100 - 35. Let j = 30 - 17. Suppose 65 = 4*s + j. What is the greatest common factor of w and s?
13
Let i(t) = -t**3 + 11*t**2 - 13*t + 8. Let q be i(10). Let v = -20 - q. Calculate the highest common divisor of v and 5.
1
Let r be (-2)/5 - (-84)/10. Let t = -4 + 10. Suppose t*j - 10 = j. What is the highest common factor of r and j?
2
Let w be (-172)/((-4)/2) - -2. Suppose -7*r + 50 = -27. Calculate the highest common divisor of r and w.
11
Suppose 14*t - 419 - 757 = 0. Calculate the greatest common divisor of 63 and t.
21
Let z = 131 - 120. Suppose -3*m - 2*m = -5*p + 230, 4*m - 124 = -3*p. What is the highest common divisor of z and p?
11
Let x = 30 - 12. Calculate the highest common factor of 90 and x.
18
Let q be (-6)/(-9)*(-24)/(-2). Suppose 5*c = 7*c. Suppose c = -t - 3*t + 128. Calculate the greatest common factor of q and t.
8
Suppose 2*z + 537 = 5*t - z, -2*t + 5*z + 230 = 0. What is the highest common divisor of t and 15?
15
Let g(y) = -y**2 - 10*y + 20. Let i be g(-10). Calculate the highest common divisor of i and 60.
20
Suppose 0 = -5*c - 3*t + 64, -2*t - 8 = 2*t. Suppose -35 = -c*r + 9*r. Calculate the highest common divisor of r and 14.
7
Suppose 0 = -5*t - 37 + 162. Calculate the greatest common divisor of 75 and t.
25
Let y be (-1)/(-6) - (-82)/12. Let s be 3 + -1 + (y - 6). Suppose 4*b - s*b = 7. What is the highest common divisor of b and 14?
7
Let p(n) = -n**3 - 2*n**2 + 3*n + 4. Suppose 1 = -2*l + l. Let k = l - 2. Let i be p(k). Calculate the greatest common divisor of 20 and i.
4
Let t(c) = 5*c**2 - 4. Let q(k) = -k**2 - k. Let g(v) = -6*q(v) - t(v). Let i be 